Let b be 2/(-1) + 1*25. Let r = -54 + 90. Let g = r + b. Is g a composite number?
False
Let m(x) = -x**3 + x**2 - 4*x - 4. Let j be m(-3). Suppose q + 3*q - j = 0. Is q composite?
False
Let p = 238 + 141. Is p composite?
False
Let a(v) = v**3 + 6*v**2 + 4. Let i be a(-6). Let r(c) = -75*c - 1. Let o be r(-2). Suppose o = i*x + 1. Is x prime?
True
Let o be (24/(-10))/((-2)/(-15)). Let x(w) = w + 61. Let g be x(-18). Let m = o + g. Is m prime?
False
Let q(m) = -62*m + 17. Is q(-3) composite?
True
Let w(b) = 20*b + 13. Is w(4) prime?
False
Let y(n) = 2*n - 6 + 0 + n**2 - 4. Let p(a) = a**3 - a**2 - 3*a - 2. Let m be p(3). Is y(m) a composite number?
False
Let a(x) = x**2 + 4*x + 2. Let t be a(-4). Let y(b) = -t*b**3 + b - 3*b + 4*b - 3*b**2 + b**3 + 5. Is y(-4) a prime number?
True
Is 6/((-6)/(-2)) - -33 a composite number?
True
Let v(l) = -l**3 + 6*l**2 - 5*l + 1. Let u be v(5). Let s be 0/(-3 - 0)*u. Suppose s*i + 2*i = 28. Is i prime?
False
Suppose 8*t = 25894 + 274. Is t composite?
False
Let l = -2 + 4. Suppose 2*s - 58 = -2*f, -l*s + 70 = 2*f + 3*s. Is f a prime number?
False
Is (-44)/(-2)*14/28 composite?
False
Let b be (-1)/(-1) - (-2 + 0). Suppose -b*w + 4*v = -49, -3*w + 49 + 18 = 5*v. Is w a composite number?
False
Let h(f) = -4*f**3 + 2*f**2 + 2*f - 2. Let g be h(-5). Let a = g - 318. Suppose -j = 3*j - a. Is j prime?
False
Let i = -97 - -770. Is i a composite number?
False
Let o(k) = -k - 4. Let v be o(-5). Let l(z) = 3*z + 1. Let b be l(v). Suppose 2*t - 236 = 2*h, h - 5*h + b = 0. Is t a composite number?
True
Let v(r) = 46*r**2 + r + 4. Let s(f) = 3*f**3 + f + 1. Let i be s(-1). Let d be v(i). Suppose -681 = -5*g + 4*c, -4*c + 0*c - d = -3*g. Is g a composite number?
True
Suppose -4*g - i = -11, 4*i - i - 9 = -4*g. Let v(u) be the third derivative of u**4/6 + u**3/6 + 2*u**2. Is v(g) a composite number?
False
Let a(d) = -3*d**3 - d**2 - 4*d + 7. Let p be a(5). Is 1/(((-2)/p)/2) a prime number?
False
Let k(n) = n**3 - 11*n**2 + 11*n - 6. Let s be k(10). Suppose -3*m + 133 = 4*b, -6*m = -3*b - s*m + 121. Is b a prime number?
True
Is 1/((-4)/4)*-62 composite?
True
Suppose 0 = -6*z + 1514 + 640. Is z a composite number?
False
Is 10/15 - (-7262)/6 a composite number?
True
Suppose -2*a = -4, -3*a + 891 = 2*k + 3*k. Is k a composite number?
True
Let p(o) be the third derivative of 149/120*o**6 + 0*o + 0 - 1/60*o**5 + 0*o**3 - o**2 + 1/24*o**4. Is p(1) composite?
False
Let i(t) = 11*t + 1. Let c(l) = l**3 - 2*l**2 - 2*l + 1. Let m be c(2). Let q(n) = -22*n - 1. Let p(o) = m*q(o) - 5*i(o). Is p(3) composite?
False
Let c(k) = 14*k**2 - 3*k - 3. Let x be c(-2). Suppose -5*v + 4*m = -107, -3*v + m + x + 8 = 0. Is v prime?
True
Let z = 6 - 6. Suppose b - 3*b - 6 = z. Is (-6)/b + 11*7 a composite number?
False
Let n be (-8)/(-10) + (-1422)/(-10). Let w = n + 164. Is w a composite number?
False
Suppose g + 0*g + 5*u = 922, -5*u = 15. Is g composite?
False
Let w(b) = -56*b**3 + 3*b**2 + 3*b + 3. Let y be w(-2). Suppose -5*u - z = -4*z - y, -3*u = 3*z - 255. Is u a prime number?
True
Let w = 4 + -8. Let c(s) = -s**3 + 9*s**2 - s + 12. Let n(t) = -3*t**3 + 26*t**2 - 2*t + 35. Let h(i) = w*n(i) + 11*c(i). Is h(7) a prime number?
False
Let b = -12 - -33. Is b a composite number?
True
Is -4 + -1*(-449)/1 composite?
True
Let p = -151 + 872. Is p a composite number?
True
Let j(v) = -8*v**2 + 0 - 3 + 3*v**2 + v**3. Let w be -10*(3 - (-18)/(-5)). Is j(w) a composite number?
True
Let u = -609 - -1138. Is u prime?
False
Suppose 1110 = 2*o - 2*z, -6*z + 3*z = -4*o + 2222. Is o a prime number?
True
Is ((-1)/3)/(6/(-3222)) prime?
True
Let a be 0 - 483/(-3 + 6). Let r = a + 284. Is r composite?
True
Suppose 0 = -4*b + 2 + 14. Suppose -d = -5*s - 88, -b*s + 513 = 4*d + 89. Is d a prime number?
True
Suppose 0 = 3*f + 9, -3*j - 3*f - 14 = -2*j. Is (-387)/j - (-14)/(-35) prime?
False
Let s = 1969 + -1260. Is s prime?
True
Suppose -3*o - 2*m = 35, -7 = -o + 2*o - 4*m. Let r be o*3/(-6)*-2. Let w = r + 94. Is w a prime number?
True
Let x be 2 - (-3 - -5 - 2). Suppose x*n = 15 + 23. Is n composite?
False
Suppose -2*a + 863 = -1719. Is a prime?
True
Suppose -4*k = k - 345. Suppose -6*q = -2*q - 8. Suppose q*h = 5*h - k. Is h prime?
True
Suppose 99 = 3*a - 174. Suppose 255 = 3*x - 3*s, 4*s + a = 2*x - 79. Is x a composite number?
True
Let p = 0 + -1. Is -7 + 4 - (p + -309) a composite number?
False
Let z be (-4)/(-22) - (-849)/(-11). Let v = 42 - z. Is v a prime number?
False
Suppose -3 = -2*z + z. Let g = -2 - -2. Let t = z + g. Is t composite?
False
Is 3678/9 - (-6)/18 composite?
False
Suppose 5*u = 2*o + 21, -3*o - 22 = -4*u - 4*o. Is (2 + u/(-2))*-634 a composite number?
False
Let f = 11 - 6. Suppose 3*j = f*j - 32. Is (-1)/4 - (-500)/j prime?
True
Let j(l) = -3*l + 1 + 6 + 0 - 2*l. Is j(-11) prime?
False
Suppose -23*t = -22*t - 59. Is t a prime number?
True
Let t = -30 - -45. Let d = t - -15. Is 2 + 2/3*d prime?
False
Let b(c) = -30*c + 3. Is b(-3) composite?
True
Let i = -15 + 24. Is i a composite number?
True
Let z(c) be the third derivative of 11*c**5/60 + c**4/24 + c**2. Let l be z(-1). Let j(t) = -t**2 + 14*t + 9. Is j(l) a prime number?
False
Suppose -6*v = -v - 3*p - 10, 4*v - 2*p = 8. Suppose 0 = -3*s - i - v*i - 9, -2*s = -2*i - 14. Suppose s*c - 116 = -10. Is c a prime number?
True
Suppose 0 = 3*h + h. Suppose -5*y - 3*o + 161 = 0, -133 = -4*y - o - h*o. Is y a composite number?
True
Let b(q) = -2*q**2 - q - 3. Let v(h) = -h**2. Let w(y) = -b(y) + v(y). Is w(10) prime?
True
Let c(l) = 18*l**2 + 5*l - 16. Is c(6) a prime number?
False
Let q(m) = m**3 + 7*m**2 - 19*m + 4. Let y(i) = -i**3 - 11*i**2 + 28*i - 6. Let d(h) = 7*q(h) + 5*y(h). Is d(5) a composite number?
True
Let g(u) = 2*u**2 - 3*u - 4. Let a be g(4). Let c = -12 + a. Is c prime?
False
Suppose -d - 3 = -3*n + 5*n, n = -4*d - 5. Is 33*(n - 12/(-9)) a prime number?
True
Let r(k) = -190*k - 1. Let z be r(-3). Suppose -n + 3*q - 52 = -208, -4*n = -q - z. Is n a prime number?
False
Let s be 3 - 4 - -4 - -43. Let w = 157 + s. Is w composite?
True
Let a be 9*(12/(-9))/(-1). Let y be (-3)/a - 9/(-4). Suppose 4*f - 361 = q, 1 + y = q. Is f composite?
True
Let w(v) = -48*v. Let o be w(-1). Let h = 145 - o. Is h a prime number?
True
Is 9/12 - (-882)/8 a composite number?
True
Let o(x) = -x**3 + 3*x**2 + 5*x - 3. Let p be o(4). Suppose -p - 9 = -2*g. Suppose -4*q + 2*q + 62 = -l, -g*q + 155 = 2*l. Is q prime?
True
Let q = 0 + 2. Suppose -v - 19 = -q*v. Suppose 0 = -j + 2*j - v. Is j composite?
False
Let t(q) = q + 4. Let i be t(-4). Suppose k + 3 + 0 = i. Is 6*6 - k/3 composite?
False
Let n = 1481 - 412. Is n composite?
False
Let o be ((-6)/(-4))/((-8)/(-3280)). Suppose 5*w - o - 65 = 0. Suppose 31 = h - 2*r, 4*h + 7*r - w = 3*r. Is h composite?
True
Let c be 1/(-2) + (-138)/4. Suppose -3*g + g + 5*q = -159, -2*q + 330 = 4*g. Let i = c + g. Is i composite?
False
Is (-1)/((-2)/348*2) a composite number?
True
Let j(v) be the second derivative of 2*v**5/15 - v**4/8 + v**3/2 + v**2/2 + v. Let u(g) be the first derivative of j(g). Is u(-4) a prime number?
False
Is 1*1/(4/92) a composite number?
False
Suppose -o = -340 + 8. Let r = o - -197. Is r a prime number?
False
Suppose -2*f + 2435 = 3*h, 0*f - 3*h - 1222 = -f. Is f a composite number?
True
Suppose -3*p + 2806 = 2*j, -5*p = 2*j - 0*p - 2814. Is j prime?
False
Let c(z) = 38*z + 1. Let u be c(3). Is (u/15)/((-1)/(-3)) prime?
True
Is (-1 + 0)*(-13 - 684) a prime number?
False
Let t = 6 - 4. Let p(x) = 2*x**3 + x**2 + 83 - t*x**3 - 2*x**2 - x + x**3. Is p(0) a composite number?
False
Suppose -5*t = 108 + 47. Let q = 84 + t. Is q a composite number?
False
Suppose 28 = -5*l - 12. Is (-1222)/(-4) + (-12)/l composite?
False
Let f(g) = 2*g + 3*g + 0*g - 7 + 5*g**2 + g**3. Let v be f(-5). Let j = 81 - v. Is j composite?
False
Let x be (-3)/(-9)*0 - -5765. Let o be (-4)/(-14) - x/(-35). Suppose -6*n + n - 5*q = -o, -n - 2*q + 29 = 0. Is n a prime number?
True
Let a(b) = 702*b - 5. Is a(2) a composite number?
False
Let d(a) = -3*a**3 - 2*a**2 + 4*a + 2. Let f(x) = -x**3 + 2*x + 1. Let p be f(2). Is d(p) a prime number?
True
Suppose 3*t = 5*m - 12, -3*t - 5*m + 0 = -18. Let i be t/(1/2) - -3. Suppose 0 = 3*d - i*d + 174. Is d a prime number?
False
Let d = -7 - -9. I